{"id":2615,"date":"2023-03-23T09:36:34","date_gmt":"2023-03-23T08:36:34","guid":{"rendered":"http:\/\/www.cnam.re\/wp\/?page_id=2615"},"modified":"2025-05-16T10:17:19","modified_gmt":"2025-05-16T06:17:19","slug":"taxe-dapprentissage","status":"publish","type":"page","link":"https:\/\/www.cnam.re\/site\/entreprises\/taxe-dapprentissage\/","title":{"rendered":"Taxe d&rsquo;apprentissage"},"content":{"rendered":"<p>[et_pb_section fb_built=\u00a0\u00bb1&Prime; admin_label=\u00a0\u00bb \u00a0\u00bb module_class=\u00a0\u00bbdivi-first-section\u00a0\u00bb _builder_version=\u00a0\u00bb4.20.2&Prime; _module_preset=\u00a0\u00bbdefault\u00a0\u00bb da_disable_devices=\u00a0\u00bboff|off|off\u00a0\u00bb global_colors_info=\u00a0\u00bb{}\u00a0\u00bb da_is_popup=\u00a0\u00bboff\u00a0\u00bb da_exit_intent=\u00a0\u00bboff\u00a0\u00bb da_has_close=\u00a0\u00bbon\u00a0\u00bb da_alt_close=\u00a0\u00bboff\u00a0\u00bb da_dark_close=\u00a0\u00bboff\u00a0\u00bb da_not_modal=\u00a0\u00bbon\u00a0\u00bb da_is_singular=\u00a0\u00bboff\u00a0\u00bb da_with_loader=\u00a0\u00bboff\u00a0\u00bb da_has_shadow=\u00a0\u00bbon\u00a0\u00bb][et_pb_row admin_label=\u00a0\u00bb \u00a0\u00bb _builder_version=\u00a0\u00bb4.20.2&Prime; _module_preset=\u00a0\u00bbdefault\u00a0\u00bb global_colors_info=\u00a0\u00bb{}\u00a0\u00bb][et_pb_column type=\u00a0\u00bb4_4&Prime; _builder_version=\u00a0\u00bb4.20.2&Prime; _module_preset=\u00a0\u00bbdefault\u00a0\u00bb global_colors_info=\u00a0\u00bb{}\u00a0\u00bb][et_pb_text _builder_version=\u00a0\u00bb4.27.4&Prime; _module_preset=\u00a0\u00bbdefault\u00a0\u00bb global_colors_info=\u00a0\u00bb{}\u00a0\u00bb]<\/p>\n<p><b>Actualit\u00e9s<\/b><br \/><span style=\"color: #ba002a;\">La plateforme SOLT\u00e9A ouvre sa plateforme aux employeurs \u00e0 compter du <b>27 mai prochain<\/b> pour s\u00e9lectionner les \u00e9tablissements et les formations qu\u2019ils souhaitent soutenir. En savoir plus sur<\/span> <a href=\"https:\/\/www.soltea.education.gouv.fr\/espace-public\/\u2019\" target=\"\u2019_blank\u2019\" rel=\"noopener\">www.soltea.education.gouv.fr<\/a><\/p>\n<p>[\/et_pb_text][et_pb_divider admin_label=\u00a0\u00bbS\u00e9parateur\u00a0\u00bb _builder_version=\u00a0\u00bb4.22.2&Prime; _module_preset=\u00a0\u00bbdefault\u00a0\u00bb global_colors_info=\u00a0\u00bb{}\u00a0\u00bb][\/et_pb_divider][et_pb_text admin_label=\u00a0\u00bbSolde de la taxe d\u2019apprentissage\u00a0\u00bb _builder_version=\u00a0\u00bb4.27.4&Prime; _module_preset=\u00a0\u00bbdefault\u00a0\u00bb global_colors_info=\u00a0\u00bb{}\u00a0\u00bb]<\/p>\n<h2>Solde de la taxe d\u2019apprentissage 2025<\/h2>\n<p><strong>Aux c\u00f4t\u00e9s des partenaires sociaux et des pouvoirs publics, le Cnam est mobilis\u00e9 pour l\u2019apprentissage en faveur de l\u2019emploi des jeunes et pour innover en mati\u00e8re de p\u00e9dagogie de l\u2019alternance.<\/strong><\/p>\n<p>La loi pour la Libert\u00e9 de Choisir son Avenir Professionnel du 5 septembre 2018 modifie le circuit de collecte et de distribution du solde de la taxe d\u2019apprentissage.<br \/>La premi\u00e8re collecte de ce solde interviendra via la <strong>D\u00e9claration Sociale Nominative (DSN) des employeurs en mai 2025<\/strong> ; les sommes collect\u00e9es par les URSSAF et les MSA seront revers\u00e9es \u00e0 la Caisse des D\u00e9p\u00f4ts (CDC). Apr\u00e8s affectation par les entreprises par l\u2019interm\u00e9diaire d\u2019une plateforme intitul\u00e9e <a href=\"https:\/\/www.soltea.education.gouv.fr\/espace-public\/\" target=\"_blank\" rel=\"noopener\">Solt\u00e9A<\/a>, la CDC versera les fonds aux formations\/organismes habilit\u00e9s \u00e0 percevoir ce solde.<\/p>\n<p>[\/et_pb_text][et_pb_text admin_label=\u00a0\u00bbLe solde de la taxe d&rsquo;apprentissage, qu&rsquo;est-ce que c&rsquo;est ?\u00a0\u00bb _builder_version=\u00a0\u00bb4.27.4&Prime; _module_preset=\u00a0\u00bbdefault\u00a0\u00bb global_colors_info=\u00a0\u00bb{}\u00a0\u00bb]<\/p>\n<h2>Le solde de la taxe d&rsquo;apprentissage, c&rsquo;est quoi ?<\/h2>\n<p>Depuis la Loi de 2018, la CUFPA est compose\u0301e de deux parts :<\/p>\n<p><img loading=\"lazy\" decoding=\"async\" class=\"wp-image-2625 alignnone size-full\" src=\"https:\/\/www.cnam.re\/site\/wp-content\/uploads\/cufpa.png\" alt=\"\" width=\"1228\" height=\"408\" srcset=\"https:\/\/www.cnam.re\/site\/wp-content\/uploads\/cufpa.png 1228w, https:\/\/www.cnam.re\/site\/wp-content\/uploads\/cufpa-1080x359.png 1080w, https:\/\/www.cnam.re\/site\/wp-content\/uploads\/cufpa-340x113.png 340w, https:\/\/www.cnam.re\/site\/wp-content\/uploads\/cufpa-460x153.png 460w, https:\/\/www.cnam.re\/site\/wp-content\/uploads\/cufpa-700x233.png 700w, https:\/\/www.cnam.re\/site\/wp-content\/uploads\/cufpa-1024x340.png 1024w\" sizes=\"(max-width: 1228px) 100vw, 1228px\" \/><\/p>\n<p>Le \u00ab solde de la taxe d\u2019apprentissage est constitue\u0301 :<\/p>\n<ul>\n<li>Des de\u0301penses re\u0301ellement expose\u0301es afin de favoriser le de\u0301veloppement des formations initiales technologiques et professionnelles, hors apprentissage, et l&rsquo;insertion professionnelle, dont les frais de premier e\u0301quipement, de renouvellement de mate\u0301riel existant et d&rsquo;e\u0301quipement comple\u0301mentaire (\u2794 versements pe\u0301cuniaires)<\/li>\n<li>Des subventions verse\u0301es au centre de formation d&rsquo;apprentis sous forme d&rsquo;e\u0301quipements et de mate\u0301riels conformes aux besoins des formations dispense\u0301es. \u00bb (art. L.6241-4 du code du travail) (\u2794 versements en nature)<\/li>\n<\/ul>\n<h3>Calendrier 2025<\/h3>\n<ul>\n<li>\u00c0 partir du 5 mai 2025 : Ouverture de SOLT\u00e9A aux \u00e9tablissements pour v\u00e9rifier ou compl\u00e9ter leurs informations<\/li>\n<li>\u00c0 partir du 27 mai 2025 : Ouverture de SOLT\u00e9A aux employeurs<\/li>\n<\/ul>\n<p><strong>1\u00e8re p\u00e9riode de r\u00e9partition<\/strong><\/p>\n<ul>\n<li>27 mai 2025 : D\u00e9but de la 1\u00e8re p\u00e9riode de r\u00e9partition et ouverture de SOLT\u00e9A pour les employeurs<\/li>\n<li>22 ao\u00fbt 2025 : Cl\u00f4ture de la 1\u00e8re p\u00e9riode de r\u00e9partition<\/li>\n<li>\u00c0 partir du 5 septembre 2025 : 1er virement des fonds r\u00e9partis aux \u00e9tablissements par les employeurs<\/li>\n<\/ul>\n<p><strong>2\u00e8me p\u00e9riode de r\u00e9partition<\/strong><\/p>\n<ul>\n<li>6 septembre 2025 : D\u00e9but de la 2\u00e8me p\u00e9riode de r\u00e9partition<\/li>\n<li>24 octobre 2025 : Cl\u00f4ture de la campagne de r\u00e9partition sur SOLT\u00e9A<\/li>\n<li>\u00c0 partir du 18 novembre 2025 : 2\u00e8me virement des fonds r\u00e9partis aux \u00e9tablissements par les employeurs<\/li>\n<\/ul>\n<p><strong>Fonds non r\u00e9partis<\/strong><\/p>\n<ul>\n<li>\u00c0 partir du 26 novembre 2025 : Versement des fonds non r\u00e9partis par voie r\u00e9glementaire.<\/li>\n<\/ul>\n<p>[\/et_pb_text][et_pb_text admin_label=\u00a0\u00bbComment nous soutenir ?\u00a0\u00bb _builder_version=\u00a0\u00bb4.27.4&Prime; _module_preset=\u00a0\u00bbdefault\u00a0\u00bb global_colors_info=\u00a0\u00bb{}\u00a0\u00bb]<\/p>\n<h2>Comment nous soutenir ?<\/h2>\n<h3>Comment verser au CNAM DE LA REUNION le solde de 13 % de la taxe d\u2019apprentissage 2025 ?<\/h3>\n<p><strong>Depuis 2023, ce sont les Urssaf qui collectent directement aupr\u00e8s de vous ce solde de 13 %<\/strong>. Celle-ci est charg\u00e9e de reverser les fonds aux \u00e9tablissements habilit\u00e9s, d\u00e9sign\u00e9s par les entreprises via une plateforme d\u00e9di\u00e9e. Plus d&rsquo;informations \u00e0 venir sur la nouvelle plateforme de collecte.<\/p>\n<p>Lors de votre versement et pour vos d\u00e9clarations, vous aurez besoin de renseigner l&rsquo;identifiant d&rsquo;Unit\u00e9 administrative d&rsquo;immatriculation (UAI) de l\u2019\u00e9tablissement b\u00e9n\u00e9ficiaire.<\/p>\n<h4><strong><span style=\"color: #ba002a;\">Le code UAI du CNAM DE LA REUNION est le suivant : 9741246L<\/strong><\/span><\/h4>\n<p>Vous pouvez, si vous le souhaitez (facultatif), cibler une ou plusieurs formations en indiquant son intitul\u00e9 lors de votre versement. Vous retrouverez l&rsquo;ensemble des formations de l&rsquo;\u00e9tablissement \u00e9ligibles en consultant <a href=\"https:\/\/reunion.deets.gouv.fr\/\" target=\"_blank\" rel=\"noopener\">le site de la pr\u00e9fecture de La R\u00e9union<\/a> et sur notre site (voir liste des formations ci-contre)<\/p>\n<h3>Pourquoi verser le solde de 13 % de la taxe d\u2019apprentissage au Cnam ?<\/h3>\n<p>Trois bonnes raisons de soutenir avec vos dons, la r\u00e9ussite de NOS auditeurs, VOS futurs talents :<\/p>\n<p><em><strong>1. Comment la taxe d&rsquo;apprentissage contribue \u00e0 l&rsquo;expertise de nos enseignements ?<\/strong><\/em><\/p>\n<p>Les sommes r\u00e9colt\u00e9es au titre de la taxe d\u2019apprentissage participent au d\u00e9veloppement de l\u2019enseignement des auditeurs, avec des r\u00e9sultats concrets ! Elle permet \u00e0 notre \u00e9tablissement la cr\u00e9ation de nouveaux programmes, l\u2019embauche de nouveaux intervenants, le d\u00e9veloppement d\u2019opportunit\u00e9s internationales, le d\u00e9ploiement d\u2019outils digitaux derni\u00e8re g\u00e9n\u00e9ration, ou encore l\u2019organisation de colloques, conf\u00e9rences et s\u00e9minaires.<\/p>\n<p><em><strong>2. La taxe d&rsquo;apprentissage, ce n&rsquo;est pas seulement une histoire d&rsquo;imp\u00f4t &#8230;<\/strong><\/em><\/p>\n<p>\u2026 c\u2019est aussi une histoire de partenariat entre vous et notre \u00e9tablissement. Soutenez le CNAM DE LA REUNION et investissez dans l\u2019am\u00e9lioration continue de la qualit\u00e9 de nos formations, et dans l\u2019employabilit\u00e9 de nos \u00e9l\u00e8ves. C\u2019est l\u2019occasion pour nous de d\u00e9velopper des relations privil\u00e9gi\u00e9es avec vous, pour que nos formations r\u00e9pondent au mieux \u00e0 vos besoins.<\/p>\n<p><em><strong>3. Le CNAM : agilit\u00e9 et innovation<\/strong><\/em><\/p>\n<p>Deux valeurs fortes port\u00e9es par notre \u00e9tablissement. Cela se traduit par une veille permanente sur les nouvelles technologies, sur vos attentes et sur les besoins de nos auditeurs. Le Cnam est une <strong>institution inclusive<\/strong> en ouvrant ses portes et en accompagnant tous les profils, quels que soient leurs fili\u00e8res de formation ou leur milieu social. Cette contribution \u00e0 la taxe d\u2019apprentissage, nous permet d\u2019accompagner nos \u00e9l\u00e8ves dans la construction de leur projet professionnel. Le solde des 13 % de la taxe d\u2019apprentissage per\u00e7ue des entreprises,<strong> participe ainsi \u00e0 l\u2019\u00e9volution de notre mission et \u00e0 la formation de nos futurs dipl\u00f4m\u00e9s.<\/strong><\/p>\n<p>Aujourd\u2019hui, avec le Versement de la taxe d\u2019apprentissage, vous avez le pouvoir de participer \u00e0 la formation de nos auditeurs, qui deviendront les acteurs de vos succ\u00e8s !<\/p>\n<p>[\/et_pb_text][\/et_pb_column][\/et_pb_row][et_pb_row column_structure=\u00a0\u00bb1_2,1_2&Prime; admin_label=\u00a0\u00bb \u00a0\u00bb _builder_version=\u00a0\u00bb4.20.2&Prime; _module_preset=\u00a0\u00bbdefault\u00a0\u00bb global_colors_info=\u00a0\u00bb{}\u00a0\u00bb][et_pb_column type=\u00a0\u00bb1_2&Prime; _builder_version=\u00a0\u00bb4.20.2&Prime; _module_preset=\u00a0\u00bbdefault\u00a0\u00bb global_colors_info=\u00a0\u00bb{}\u00a0\u00bb][et_pb_text admin_label=\u00a0\u00bbContacts\u00a0\u00bb module_class=\u00a0\u00bbbox box-page-bottom\u00a0\u00bb _builder_version=\u00a0\u00bb4.22.2&Prime; _module_preset=\u00a0\u00bbdefault\u00a0\u00bb global_colors_info=\u00a0\u00bb{}\u00a0\u00bb]<\/p>\n<h5>Contacts<\/h5>\n<ul>\n<li><b>Eva MICCONI<\/b><br \/>\nTel : 02 62 42 28 37<br \/>\nEmail : <a class=\"email\" href=\"mailto:emicconi@cnam.re\">emicconi@cnam.re<\/a><\/li>\n<li><b>Annabelle THOMAS<\/b><br \/>\nTel : 02 62 42 28 37<br \/>\nEmail : <a class=\"email\" href=\"mailto:athomas@cnam.re\">athomas@cnam.re<\/a><\/li>\n<\/ul>\n<p>[\/et_pb_text][\/et_pb_column][et_pb_column type=\u00a0\u00bb1_2&Prime; _builder_version=\u00a0\u00bb4.20.2&Prime; _module_preset=\u00a0\u00bbdefault\u00a0\u00bb global_colors_info=\u00a0\u00bb{}\u00a0\u00bb][et_pb_text admin_label=\u00a0\u00bbEn savoir plus\u00a0\u00bb module_class=\u00a0\u00bbbox box-page-bottom\u00a0\u00bb _builder_version=\u00a0\u00bb4.27.4&Prime; _module_preset=\u00a0\u00bbdefault\u00a0\u00bb global_colors_info=\u00a0\u00bb{}\u00a0\u00bb]<\/p>\n<h5>En savoir plus<\/h5>\n<ul>\n<li><a class=\"block\" target=\"_blank\" href=\"https:\/\/reunion.deets.gouv.fr\/\" rel=\"noopener\">Pr\u00e9fecture de la R\u00e9union<\/a><\/li>\n<li><a class=\"block\" target=\"_blank\" href=\"https:\/\/www.urssaf.fr\/portail\/home\/espaces-dedies\/contributions-de-formation-profe\/la-taxe-dapprentissage-part-prin.html\" rel=\"noopener\">Urssaf<\/a><\/li>\n<li><a class=\"block\" target=\"_blank\" href=\"https:\/\/www.soltea.education.gouv.fr\/espace-public\/\" rel=\"noopener\">Portail d&rsquo;information SOLTEA<\/a><\/li>\n<li><a class=\"block\" target=\"_blank\" href=\"https:\/\/www.soltea.education.gouv.fr\/espace-public\/soltea-plateforme-employeurs-solde-taxe-apprentissage\" rel=\"noopener\">SOLTEA en vid\u00e9o<\/a><\/li>\n<\/ul>\n<p>[\/et_pb_text][\/et_pb_column][\/et_pb_row][\/et_pb_section][et_pb_section fb_built=\u00a0\u00bb1&Prime; admin_label=\u00a0\u00bb \u00a0\u00bb module_class=\u00a0\u00bbdivi-last-section\u00a0\u00bb _builder_version=\u00a0\u00bb4.20.2&Prime; _module_preset=\u00a0\u00bbdefault\u00a0\u00bb da_disable_devices=\u00a0\u00bboff|off|off\u00a0\u00bb global_colors_info=\u00a0\u00bb{}\u00a0\u00bb da_is_popup=\u00a0\u00bboff\u00a0\u00bb da_exit_intent=\u00a0\u00bboff\u00a0\u00bb da_has_close=\u00a0\u00bbon\u00a0\u00bb da_alt_close=\u00a0\u00bboff\u00a0\u00bb da_dark_close=\u00a0\u00bboff\u00a0\u00bb da_not_modal=\u00a0\u00bbon\u00a0\u00bb da_is_singular=\u00a0\u00bboff\u00a0\u00bb da_with_loader=\u00a0\u00bboff\u00a0\u00bb da_has_shadow=\u00a0\u00bbon\u00a0\u00bb][et_pb_row column_structure=\u00a0\u00bb1_4,1_4,1_4,1_4&Prime; admin_label=\u00a0\u00bb \u00a0\u00bb _builder_version=\u00a0\u00bb4.20.2&Prime; _module_preset=\u00a0\u00bbdefault\u00a0\u00bb global_colors_info=\u00a0\u00bb{}\u00a0\u00bb][et_pb_column type=\u00a0\u00bb1_4&Prime; _builder_version=\u00a0\u00bb4.20.2&Prime; _module_preset=\u00a0\u00bbdefault\u00a0\u00bb global_colors_info=\u00a0\u00bb{}\u00a0\u00bb][\/et_pb_column][et_pb_column type=\u00a0\u00bb1_4&Prime; _builder_version=\u00a0\u00bb4.20.2&Prime; _module_preset=\u00a0\u00bbdefault\u00a0\u00bb global_colors_info=\u00a0\u00bb{}\u00a0\u00bb][\/et_pb_column][et_pb_column type=\u00a0\u00bb1_4&Prime; _builder_version=\u00a0\u00bb4.20.2&Prime; _module_preset=\u00a0\u00bbdefault\u00a0\u00bb global_colors_info=\u00a0\u00bb{}\u00a0\u00bb][\/et_pb_column][et_pb_column type=\u00a0\u00bb1_4&Prime; _builder_version=\u00a0\u00bb4.20.2&Prime; _module_preset=\u00a0\u00bbdefault\u00a0\u00bb global_colors_info=\u00a0\u00bb{}\u00a0\u00bb][\/et_pb_column][\/et_pb_row][\/et_pb_section]<\/p>\n","protected":false},"excerpt":{"rendered":"<p>Actualit\u00e9sLa plateforme SOLT\u00e9A ouvre sa plateforme&#8230;<\/p>\n","protected":false},"author":1,"featured_media":4213,"parent":14,"menu_order":14,"comment_status":"closed","ping_status":"closed","template":"","meta":{"_acf_changed":false,"_et_pb_use_builder":"on","_et_pb_old_content":"","_et_gb_content_width":"","footnotes":""},"class_list":["post-2615","page","type-page","status-publish","has-post-thumbnail","hentry"],"acf":[],"_links":{"self":[{"href":"https:\/\/www.cnam.re\/site\/wp-json\/wp\/v2\/pages\/2615","targetHints":{"allow":["GET"]}}],"collection":[{"href":"https:\/\/www.cnam.re\/site\/wp-json\/wp\/v2\/pages"}],"about":[{"href":"https:\/\/www.cnam.re\/site\/wp-json\/wp\/v2\/types\/page"}],"author":[{"embeddable":true,"href":"https:\/\/www.cnam.re\/site\/wp-json\/wp\/v2\/users\/1"}],"replies":[{"embeddable":true,"href":"https:\/\/www.cnam.re\/site\/wp-json\/wp\/v2\/comments?post=2615"}],"version-history":[{"count":36,"href":"https:\/\/www.cnam.re\/site\/wp-json\/wp\/v2\/pages\/2615\/revisions"}],"predecessor-version":[{"id":4219,"href":"https:\/\/www.cnam.re\/site\/wp-json\/wp\/v2\/pages\/2615\/revisions\/4219"}],"up":[{"embeddable":true,"href":"https:\/\/www.cnam.re\/site\/wp-json\/wp\/v2\/pages\/14"}],"wp:featuredmedia":[{"embeddable":true,"href":"https:\/\/www.cnam.re\/site\/wp-json\/wp\/v2\/media\/4213"}],"wp:attachment":[{"href":"https:\/\/www.cnam.re\/site\/wp-json\/wp\/v2\/media?parent=2615"}],"curies":[{"name":"wp","href":"https:\/\/api.w.org\/{rel}","templated":true}]}}